{"id":565,"date":"2026-01-29T14:41:04","date_gmt":"2026-01-29T14:41:04","guid":{"rendered":"https:\/\/yunvi.chat\/blog\/?page_id=565"},"modified":"2026-01-29T14:41:04","modified_gmt":"2026-01-29T14:41:04","slug":"iletisim","status":"publish","type":"page","link":"https:\/\/yunvi.chat\/blog\/iletisim\/","title":{"rendered":"\u0130LET\u0130\u015e\u0130M"},"content":{"rendered":"<p>Yunvi Talk ile ilgili her t\u00fcrl\u00fc soru, g\u00f6r\u00fc\u015f ve talepleriniz i\u00e7in bizimle ileti\u015fime ge\u00e7ebilirsiniz.<\/p>\n<p><strong>Web sitesi:<\/strong> <a>https:\/\/yunvi.chat<\/a><br \/>\n<strong>Adres:<\/strong> St James Tower, 7 Charlotte St, Manchester M1 4DZ, United Kingdom<br \/>\n<strong>Telefon:<\/strong> +44 7592 252519<br \/>\n<strong>E-Posta:<\/strong> <a>admin@yunvi.chat<\/a><\/p>\n","protected":false},"excerpt":{"rendered":"<p>Yunvi Talk ile ilgili her t\u00fcrl\u00fc soru, g\u00f6r\u00fc\u015f ve talepleriniz i\u00e7in bizimle ileti\u015fime ge\u00e7ebilirsiniz. Web sitesi: https:\/\/yunvi.chat Adres: St James Tower, 7 Charlotte St, Manchester M1 4DZ, United Kingdom Telefon: +44 7592 252519 E-Posta: admin@yunvi.chat<\/p>\n","protected":false},"author":1,"featured_media":0,"parent":0,"menu_order":0,"comment_status":"closed","ping_status":"closed","template":"","meta":{"footnotes":""},"class_list":["post-565","page","type-page","status-publish","hentry"],"_links":{"self":[{"href":"https:\/\/yunvi.chat\/blog\/wp-json\/wp\/v2\/pages\/565","targetHints":{"allow":["GET"]}}],"collection":[{"href":"https:\/\/yunvi.chat\/blog\/wp-json\/wp\/v2\/pages"}],"about":[{"href":"https:\/\/yunvi.chat\/blog\/wp-json\/wp\/v2\/types\/page"}],"author":[{"embeddable":true,"href":"https:\/\/yunvi.chat\/blog\/wp-json\/wp\/v2\/users\/1"}],"replies":[{"embeddable":true,"href":"https:\/\/yunvi.chat\/blog\/wp-json\/wp\/v2\/comments?post=565"}],"version-history":[{"count":1,"href":"https:\/\/yunvi.chat\/blog\/wp-json\/wp\/v2\/pages\/565\/revisions"}],"predecessor-version":[{"id":566,"href":"https:\/\/yunvi.chat\/blog\/wp-json\/wp\/v2\/pages\/565\/revisions\/566"}],"wp:attachment":[{"href":"https:\/\/yunvi.chat\/blog\/wp-json\/wp\/v2\/media?parent=565"}],"curies":[{"name":"wp","href":"https:\/\/api.w.org\/{rel}","templated":true}]}}