{"id":558,"date":"2026-01-29T14:38:50","date_gmt":"2026-01-29T14:38:50","guid":{"rendered":"https:\/\/yunvi.chat\/blog\/?page_id=558"},"modified":"2026-01-29T14:38:50","modified_gmt":"2026-01-29T14:38:50","slug":"cerez-politikasi","status":"publish","type":"page","link":"https:\/\/yunvi.chat\/blog\/cerez-politikasi\/","title":{"rendered":"\u00c7EREZ POL\u0130T\u0130KASI"},"content":{"rendered":"<p>Bu \u00c7erez Politikas\u0131; Yunvi Talk taraf\u0131ndan i\u015fletilen <a>https:\/\/yunvi.chat<\/a> web sitesi i\u00e7in ge\u00e7erlidir.<\/p>\n<h2>\u00c7erez (Cookie) Nedir?<\/h2>\n<p>\u00c7erezler, web sitesini ziyaret etti\u011finizde taray\u0131c\u0131n\u0131z arac\u0131l\u0131\u011f\u0131yla cihaz\u0131n\u0131za kaydedilen k\u00fc\u00e7\u00fck metin dosyalar\u0131d\u0131r. \u00c7erezler; sitenin d\u00fczg\u00fcn \u00e7al\u0131\u015fmas\u0131n\u0131 sa\u011flamak, kullan\u0131c\u0131 deneyimini geli\u015ftirmek ve tercihleri hat\u0131rlamak amac\u0131yla kullan\u0131l\u0131r.<\/p>\n<h2>Kullan\u0131lan \u00c7erez T\u00fcrleri<\/h2>\n<h3>Zorunlu \u00c7erezler<\/h3>\n<p>Web sitesinin temel fonksiyonlar\u0131n\u0131n \u00e7al\u0131\u015fmas\u0131 i\u00e7in gereklidir. Oturum y\u00f6netimi ve g\u00fcvenlik bu \u00e7erezler sayesinde sa\u011flan\u0131r.<\/p>\n<h3>Performans ve Analitik \u00c7erezler<\/h3>\n<p>Web sitesinin kullan\u0131m\u0131n\u0131 analiz etmek, performans \u00f6l\u00e7mek ve hizmetleri geli\u015ftirmek amac\u0131yla kullan\u0131l\u0131r. Bu \u00e7erezler kimlik belirleyici bilgi i\u00e7ermez.<\/p>\n<h3>Fonksiyonel \u00c7erezler<\/h3>\n<p>Dil, b\u00f6lge ve kullan\u0131c\u0131 tercihlerini hat\u0131rlayarak daha ki\u015fiselle\u015ftirilmi\u015f bir deneyim sunar.<\/p>\n<h3>Reklam ve Pazarlama \u00c7erezleri<\/h3>\n<p>Kullan\u0131c\u0131ya daha uygun reklamlar sunmak ve reklam performans\u0131n\u0131 \u00f6l\u00e7mek amac\u0131yla kullan\u0131labilir.<\/p>\n<h2>\u00c7erezlerin Y\u00f6netimi<\/h2>\n<p>Kullan\u0131c\u0131lar, taray\u0131c\u0131 ayarlar\u0131 \u00fczerinden \u00e7erezleri y\u00f6netebilir veya silebilir. \u00c7erezlerin devre d\u0131\u015f\u0131 b\u0131rak\u0131lmas\u0131 baz\u0131 \u00f6zelliklerin k\u0131s\u0131tl\u0131 \u00e7al\u0131\u015fmas\u0131na neden olabilir.<\/p>\n","protected":false},"excerpt":{"rendered":"<p>Bu \u00c7erez Politikas\u0131; Yunvi Talk taraf\u0131ndan i\u015fletilen https:\/\/yunvi.chat web sitesi i\u00e7in ge\u00e7erlidir. \u00c7erez (Cookie) Nedir? \u00c7erezler, web sitesini ziyaret etti\u011finizde taray\u0131c\u0131n\u0131z arac\u0131l\u0131\u011f\u0131yla cihaz\u0131n\u0131za kaydedilen k\u00fc\u00e7\u00fck metin dosyalar\u0131d\u0131r. \u00c7erezler; sitenin d\u00fczg\u00fcn \u00e7al\u0131\u015fmas\u0131n\u0131 sa\u011flamak, kullan\u0131c\u0131 deneyimini geli\u015ftirmek ve tercihleri hat\u0131rlamak amac\u0131yla kullan\u0131l\u0131r. Kullan\u0131lan \u00c7erez T\u00fcrleri Zorunlu \u00c7erezler Web sitesinin temel fonksiyonlar\u0131n\u0131n \u00e7al\u0131\u015fmas\u0131 i\u00e7in gereklidir. Oturum y\u00f6netimi ve &hellip; <\/p>\n","protected":false},"author":1,"featured_media":0,"parent":0,"menu_order":0,"comment_status":"closed","ping_status":"closed","template":"","meta":{"footnotes":""},"class_list":["post-558","page","type-page","status-publish","hentry"],"_links":{"self":[{"href":"https:\/\/yunvi.chat\/blog\/wp-json\/wp\/v2\/pages\/558","targetHints":{"allow":["GET"]}}],"collection":[{"href":"https:\/\/yunvi.chat\/blog\/wp-json\/wp\/v2\/pages"}],"about":[{"href":"https:\/\/yunvi.chat\/blog\/wp-json\/wp\/v2\/types\/page"}],"author":[{"embeddable":true,"href":"https:\/\/yunvi.chat\/blog\/wp-json\/wp\/v2\/users\/1"}],"replies":[{"embeddable":true,"href":"https:\/\/yunvi.chat\/blog\/wp-json\/wp\/v2\/comments?post=558"}],"version-history":[{"count":1,"href":"https:\/\/yunvi.chat\/blog\/wp-json\/wp\/v2\/pages\/558\/revisions"}],"predecessor-version":[{"id":559,"href":"https:\/\/yunvi.chat\/blog\/wp-json\/wp\/v2\/pages\/558\/revisions\/559"}],"wp:attachment":[{"href":"https:\/\/yunvi.chat\/blog\/wp-json\/wp\/v2\/media?parent=558"}],"curies":[{"name":"wp","href":"https:\/\/api.w.org\/{rel}","templated":true}]}}